s the units digit of y(-9)?
0
Let g(i) = -i**2 - 5*i + 7. Let w be g(-6). Let p(z) = -2*z + 2 - w + 0 + 2*z**2 + 12*z**3. What is the units digit of p(1)?
3
Let l(r) = 2*r + 31 - 3*r - 8 - r**2. Let y be (-1 - (0 + -2)) + -1. What is the units digit of l(y)?
3
Suppose 5*b - 23 + 13 = 0. Suppose n + b*n = 264. What is the units digit of n?
8
Let u = -3028 + 6515. What is the hundreds digit of u?
4
Let z(y) = -y**2 + 3*y + 4. Let n be z(0). Suppose -6*m + n*m - 4*g + 312 = 0, -357 = -2*m + 5*g. What is the tens digit of m?
6
Let l(a) = 3*a**2 - a + 7. Let h be l(0). Suppose -56 = -3*u + p, -h*u - 5*p = -3*u - 62. What is the tens digit of u?
1
Suppose 12 = -4*d, -i = 3*i - 3*d + 487. Let l = -29 - i. Let o = 138 - l. What is the units digit of o?
3
Suppose -u + 0*u + g = -27, -5*g + 117 = 4*u. Let s = u + -23. Suppose -s*a + 88 = -42. What is the tens digit of a?
2
Suppose -2*h + 13 = 1. Let r be 7/3 - h/(-9). Suppose -r*u - 210 = -8*u. What is the units digit of u?
2
Let v(m) = -4*m**2 + 3*m - 51. Let t(d) = 5*d**2 - 3*d + 50. Let c(p) = -3*t(p) - 4*v(p). What is the hundreds digit of c(15)?
2
Suppose 178 = -3*z + 1216. What is the tens digit of z?
4
Let b(y) = -y**3 - 12*y**2 - 14*y - 18. Let c be b(-12). What is the units digit of 50760/c + 1/((-5)/2)?
8
Let l(g) = -g**3 - 55*g**2 - 89*g + 227. What is the thousands digit of l(-54)?
2
Suppose 2*u = -0*u. Suppose 2*l - 97 - 7 = u. What is the units digit of l?
2
Let s(d) = -d**3 - 9*d**2 - 2*d - 18. Let c be s(-9). What is the units digit of 45 + c - (-14)/14?
6
Let l(j) = 51*j - 6. Let a be l(2). Let s = a + -48. What is the tens digit of s?
4
Suppose 5*p - 4*g - 4327 = 0, -5*g = 4*p - 1979 - 1458. What is the hundreds digit of p?
8
Let j(u) = 58*u - 42. What is the hundreds digit of j(5)?
2
What is the hundreds digit of (13 + -15)/(-26) - 118766/(-26)?
5
Let h = 1466 + -105. What is the hundreds digit of h?
3
Suppose 0 = 3*m - 207 + 525. Let b = 174 + m. What is the units digit of b?
8
Let f = -3826 + 8428. What is the tens digit of f?
0
Let w be ((-63)/6)/3 - 3/(-2). What is the units digit of (w/(-2))/((-7)/(-35))?
5
Let y(r) be the second derivative of -r**4/4 + 2*r**3/3 - 6*r**2 + r. Let m(f) be the first derivative of y(f). What is the units digit of m(-7)?
6
Let c(i) be the third derivative of i**6/90 - i**5/40 - i**3/3 - 6*i**2. Let g(p) be the first derivative of c(p). What is the units digit of g(2)?
0
What is the hundreds digit of -6*(6741/(-27) - (-3 - -8))?
5
Let v(f) = 126*f + 70. What is the tens digit of v(7)?
5
Suppose 0 = -5*l + 5 + 35. Suppose -m + l = 6. What is the units digit of (17 - 1)*1/m?
8
What is the thousands digit of 720225/325 + ((-9)/(-39))/(-3)?
2
Suppose 0 = x + 4*x - 90. Let d = -8 + x. What is the units digit of d?
0
Let f = -8 + 232. Suppose 3*j - f = 5*v, 0*v = -2*v - 2. What is the units digit of j?
3
Suppose -5*h + 5952 = 3*f, 2*f + 148 = 2*h - 2236. Suppose 14*l - h = 489. What is the units digit of l?
0
What is the tens digit of -3 - -4 - (-1288)/4?
2
Let f(y) = y**3 - 11*y**2 + 2*y - 25. Let t be f(11). What is the tens digit of t + -2 + 4 + 222?
2
Suppose 3*q = -13 + 4, 4*m + q + 59 = 0. What is the units digit of (7/4)/(m/(-56))?
7
Let j(i) = i. Let w(s) = 3*s - 8. Let c(q) = -6*j(q) - w(q). What is the tens digit of c(-4)?
4
Suppose 0 = 2*n - 1 - 7. Suppose 3*l - 5*q + n*q - 5 = 0, 7 = 5*l - 2*q. Suppose -h + l*h = 62. What is the units digit of h?
1
Let s be 63/12*-2*-4. Let g = -134 + s. What is the tens digit of (-2047)/g - 2/8?
2
What is the units digit of 1*(15976 - 1)/9?
5
Suppose -280 = -c - 242. What is the units digit of c?
8
Let w(o) = 16*o - 14. Suppose 4*s - 4*j = 40, 6*j - 68 = -5*s + 5*j. What is the tens digit of w(s)?
9
Let x(p) = -2*p + 7*p + 8 + 3. What is the units digit of x(10)?
1
Let d(y) = -y + 46. Let m be (9/1)/((-60)/40). What is the tens digit of d(m)?
5
Suppose 29800 = 17*l + 132*l. What is the units digit of l?
0
Suppose -1484 - 2841 = 5*w. Let m = w - -413. What is the tens digit of m/(-14) - 10/35?
3
What is the hundreds digit of (485/15)/(7/105)?
4
Let s(f) = 101*f**3 + f**2 + f + 1. Let n be s(-1). Let v = -58 - n. What is the units digit of v?
2
Let z = -8 - -12. Suppose -3*s = -a + 23, z*s = -7*a + 4*a + 108. What is the tens digit of a?
3
What is the hundreds digit of 1/3 + 58*1267/42?
7
Let p = -51 + 71. Suppose 0 = -4*r - 0*r + p. What is the units digit of r?
5
Let j = -31 + 240. Suppose 0*d + 99 = 2*d - 3*l, 4*d + 5*l - j = 0. What is the units digit of d?
1
Suppose q - 8 = 2. Suppose q = 2*f - 22. What is the units digit of 18*2/f*4?
9
Suppose 3*a = -3*u + 6*u - 300, 2*u - a = 195. Let t(j) = 42*j**3 - j**2 + 1. Let v be t(-1). Let y = v + u. What is the units digit of y?
3
Suppose -5*u = -0 - 10. Let r(w) = -2 - 14*w - 7 + 2*w + w**2 + u*w. What is the units digit of r(11)?
2
Suppose 0 = g + 3*w - 4*w - 8, -2*g + 51 = 5*w. Let r = -26 + g. Let m = 26 + r. What is the tens digit of m?
1
Let d(g) = -g**3 - 6. Let h be d(0). Let a be (-2)/h - (-1)/(-3). Suppose -l + 0 + 1 = a. What is the units digit of l?
1
Let q(a) = 2*a**3 + 8*a**2 - 9*a + 5. Let r be q(-5). Suppose r = b - 8*b + 672. What is the tens digit of b?
9
Suppose -68 = -3*z - 62. Suppose -4*y = -z*y - 28. What is the units digit of y?
4
Let v(f) = f + 15. Let a be v(-12). Let k(h) = 2*h**2 - 3*h. Let d be k(a). What is the units digit of ((-20)/6)/((-1)/d)?
0
What is the units digit of 4351/76 - 10/8?
6
Let n(z) = -2*z**3 - 12*z**2 - 18*z - 13. Let f be n(-10). Let k = -686 + f. What is the units digit of k?
1
Let k be 40/(-12) - 3/(-9). Let d = 3 + k. Suppose -2*n - 2*n + 68 = d. What is the units digit of n?
7
Let w(h) = h**3 - 9*h**2 - 9*h - 22. Let o be w(10). Let p(q) = -6*q + 11. What is the units digit of p(o)?
3
Let x(k) = -2*k**3 + 8*k**2 + 11*k - 19. What is the hundreds digit of x(-6)?
6
Let o(h) = 5*h - 42. Let l(m) = m**3 + 7*m**2 + 10*m + 13. Let b be l(-5). What is the tens digit of o(b)?
2
Let y = -19 - -23. Suppose 4*n = -y*o + 40, -3*n + 4*o + 14 = -2. What is the units digit of n?
8
Let o(t) = -29*t + 50. What is the units digit of o(-28)?
2
Suppose 9*w = 4*w + 1260. Suppose 8*x - w = 5*x. Suppose -2*b = 2*h - x, -3*h + 5*b + 126 = b. What is the tens digit of h?
4
Suppose 115 - 1295 = 5*y. Let q = -40 - y. What is the units digit of q?
6
Suppose -11*k = -8*k - 6. Suppose c + 18 = k*c - 3*i, 0 = -3*c + 2*i + 82. Suppose c = 3*x + 2*x. What is the units digit of x?
6
Let y be (-5)/(-15) - 14/(-3). Suppose 0*u + 25 = y*u. Suppose a - u - 6 = 0. What is the units digit of a?
1
Suppose 12*b - 25 = 11. What is the tens digit of (1*6/(-4))/(b/(-102))?
5
Suppose y = -0*y + 11. Suppose r - 128 = -y. What is the tens digit of r?
1
Suppose -4*a = 2*s - 96, -2*a = -3*s + a + 162. Suppose 5*y + 4*g = 222, 113 = 4*y - g - s. What is the tens digit of y?
4
Let u be 26*(-1 + 2 - 0). Suppose 2*o - 150 = -u. Suppose -6*r + 4*r = -5*i - o, i - 17 = -r. What is the units digit of r?
1
Suppose 3*z - 5*h = -2*h + 27, z = -4*h + 29. Let d(g) = z - 4*g + 2*g + 4*g - 3*g. What is the units digit of d(6)?
7
Let p(f) = -2*f**3 + 77*f**2 - 2*f + 4 - 81*f**2 + 3*f - 2*f. What is the tens digit of p(-4)?
7
Let i = 604 - 407. Suppose -108 = -5*j + i. What is the units digit of j?
1
Let h = 564 - 387. What is the tens digit of h?
7
Let c(o) = o**3 + 5*o**2 + 3*o - 2. Let h be c(-4). Suppose 32 + 45 = i - h*r, 0 = 5*i - 5*r - 370. What is the units digit of i?
1
Let f = -40 + 44. Suppose -3*i - 965 = -f*r - 162, -4*r = 2*i - 778. What is the hundreds digit of r?
1
Let d = -15 + 24. Suppose -d = -s + 3. What is the tens digit of s?
1
Let u(a) = -212*a - 93. What is the tens digit of u(-13)?
6
Let w = -16 + 20. What is the units digit of 0 - ((-4)/w - 2)?
3
Let t be (1 - 2) + 4/(0 + -4). What is the tens digit of t/(-8) - (-126)/8?
1
Suppose 0 = -3*o - 1 + 7. Let c be (8/10)/(o/20). Suppose u - 2 = 2*r + c, -2 = -r. What is the units digit of u?
4
Let y be -4 - (-88 - 4 - -4)/(-2). Let k = y + 55. What is the units digit of k?
7
Let a = 2 + -8. Let m(p) = 9*p**2 - p - 9. Let r(y) = 4*y**2 - 5. Let x(j) = -3*m(j) + 7*r(j). What is the units digit of x(a)?
0
What is the units digit of ((-46)/(-10) - -7)*40?
4
Let x(f) be the second derivative of -f**5/20 + f